
Let l(q) be the first derivative of -1/3*q**3 - 1/4*q**4 + 5/2*q**2 + 2*q - 1. Let r be l(-3). Let t(o) = o**3 - 4*o**2 - 8*o + 7. Determine t(r).
-8
Let m(r) be the first derivative of -r**2/2 - 2*r - 6. Let f(t) = -2*t + 6. Let s be f(0). Calculate m(s).
-8
Let j(x) = 4*x**2 + 17*x - 2*x**3 - 7*x - 16*x**2 + 3*x**3 + 5. Calculate j(11).
-6
Let t(x) = 0*x**2 - 7*x**2 - 1 + 5 - 8*x + 1. Let d(l) = -3*l**2 - 4*l + 3. Let h(k) = -5*d(k) + 2*t(k). What is h(-6)?
7
Let u(c) = 2*c + 4. Let g be ((-1 - 0) + -2)*24/18. Calculate u(g).
-4
Let q be (-5)/15 + (-25)/(-3). Let p(h) = -h + 9. Give p(q).
1
Let t(y) = -6*y - 49 + 24 + 26. Let p = -2 - -3. Determine t(p).
-5
Let d = 71 - 71. Let h(l) be the second derivative of 1/12*l**4 - 1/2*l**3 + d - l + l**2. What is h(2)?
0
Let l(q) = 4*q + 12. Let w(v) = v + 3. Let y(i) = 2*l(i) - 9*w(i). Calculate y(-3).
0
Let w be (-5 + 0)*(-12)/10. Let u(j) = -5*j**3 + 6*j**2 + 5*j + 3. Let m(q) = -6*q**3 + 6*q**2 + 5*q + 4. Let f(z) = w*m(z) - 7*u(z). Calculate f(-5).
3
Let v(d) = d**3 - d**2 + 2*d. Let p be v(2). Let j(u) = 4 - 4 - u + p - 3. Calculate j(3).
2
Let z(j) = j**2 - 6*j + 3. Let l be z(6). Let s(c) = 4*c - 7. Let k(o) be the first derivative of 2*o**2 - 6*o + 1. Let g(w) = 6*k(w) - 5*s(w). Determine g(l).
11
Let b be ((-4)/10)/((-5)/25). Let o(l) = -l - 9*l**b + l - 3 - l**3 + l + 13*l**2. Calculate o(3).
9
Suppose -4*w = -5*g + 23, -3*g = 5*w - 5*g + 33. Let v = w + 3. Let x(t) = -t - 3. What is x(v)?
1
Let d(t) = 2*t - 5. Suppose -7*h - 29 = -3*k - 3*h, -4*h - 17 = k. Let q be -2*(-1)/(-2)*-2. Let m = k + q. Determine d(m).
5
Suppose -4*x = -7*x - 12. Let t(h) be the first derivative of -1/2*h**2 - 1 + h. Give t(x).
5
Let d(x) = -2*x + 5*x + 0 - 1. Let r(v) = v. Let k be r(3). Determine d(k).
8
Let a(m) = -m**3 - m**2. Let r be a(0). Let j(s) be the first derivative of 1/2*s**2 + 1 + 1/3*s**3 - s. Give j(r).
-1
Let b(p) be the first derivative of 5*p**2/2 - 3*p - 17. Determine b(4).
17
Let k(q) = -q - 6. Suppose -4*m = -0*m. Determine k(m).
-6
Let a(o) = 2*o + 0*o - 7 - 3*o. What is a(-6)?
-1
Suppose -19 = -7*h + 16. Let z(p) = -3*p + p - 2 + 0. Determine z(h).
-12
Let q(k) = k**3 - 2*k**2 - 3*k - 3. Let l be (-72)/60*5/(-2). Determine q(l).
-3
Let g(j) = -4 - 9*j + j**2 + 5 + 8 + 18*j. Determine g(-7).
-5
Let l(b) = 3*b + 1. Suppose -7*r + 20 = -2*r. Suppose -r*m = -2*m - 2. Calculate l(m).
4
Let p(u) = -u - 6. Suppose 40 = -x - 7*x. Give p(x).
-1
Let r(i) = 6*i - 14. Let l(p) = -p + 1. Let j(a) = -5*l(a) - r(a). Determine j(0).
9
Let h(u) = -3*u - 3*u - 7 + 3 - u**2 + 2. Let x be (-1 + 0)/(1/3). What is h(x)?
7
Let l be (12/(-14))/(1/7). Let d(r) be the third derivative of -r**5/60 - 7*r**4/24 - 7*r**3/6 + r**2. Give d(l).
-1
Let y(p) = -p. Let f = -96 - -95. What is y(f)?
1
Let c(u) = u**2 + 7*u - 13. Let y(i) = -9*i**2 + i + 1. Let a be y(-1). Determine c(a).
5
Suppose -6*k + 2*k - 40 = -5*d, 0 = -4*k - 3*d - 8. Let t = -5 - k. Let u be (t - -3) + (2 - 1). Let c(q) = q**2 - 3*q + 5. Calculate c(u).
9
Let p(w) = w. Let u(y) = -6*y + 1. Let f(d) = d + 10. Let b be f(-9). Let x(k) = b*u(k) + 4*p(k). What is x(-4)?
9
Let w = 13 + -9. Suppose 9 = 2*r + r. Suppose -r*n - u + w = 0, -u - u = 10. Let d(f) = 2*f. Calculate d(n).
6
Let y(q) = 2*q - 2. Let o = 8 - 11. Determine y(o).
-8
Let i(l) = l**3 + 4*l**2 - l - 1. Suppose -7 = -5*c + 13. Suppose 4*k = -4*j, -c*k - k + 32 = -3*j. Calculate i(j).
3
Let s(z) = z**3 - 6*z**2 + 3*z + 7. Let l be (24/(-10))/(12/40). Let o be (2 - -7)/(-3) - l. What is s(o)?
-3
Let k = 7 + -7. Suppose -p + 5 = -4*w, -w + k*p + p - 5 = 0. Let j(c) = -c**2 + c - 5. Calculate j(w).
-5
Let b(x) = 24*x + 1. Let f(j) = 2*j. Let n(u) = -2*b(u) + 22*f(u). Suppose 5*l + 5 = -5. Determine n(l).
6
Let y(a) = 7*a**2 - 3*a + 2. Let o(g) = 2*g**2 + g + 1. Let r(h) = 3*o(h) - y(h). Calculate r(6).
1
Let g(k) = 5 - k + 4 - 15. Give g(7).
-13
Let k(w) = -w**2 - 8*w + 9. Suppose 9 = -3*f - 0*f, -5*v + f = 42. Let j be k(v). Let z(h) = h**3 - h**2 + 5. Determine z(j).
5
Let j(n) = n**2 - 1. Let c = -7 + 6. Let t(i) = i**3 - 7*i**2 - 2*i + 5. Let o(y) = c*t(y) - 4*j(y). Give o(2).
7
Let u(c) = -5*c**3 - 15*c - 15. Let d(q) = q**3 + q**2 + q + 1. Let r(n) = 6*d(n) + u(n). Give r(-7).
5
Suppose 497*a = 503*a + 6. Let q(j) be the second derivative of -j**5/4 - j**3/6 - j. What is q(a)?
6
Let w(z) be the third derivative of -z**4/24 + z**3/3 + 4*z**2. What is w(-5)?
7
Suppose -4*w - p = -65, 0 = -2*w - 4*p + 36 + 14. Suppose -4*x - 3 + w = 0. Let t(y) = x*y**2 - 2*y + 3*y - 4*y**2 + 4. What is t(0)?
4
Let b(g) be the first derivative of g**4/4 + 4*g**3/3 + g**2 + 2*g + 2. Suppose 4*v + 32 = -4*r, -r + 0*r = -5*v - 10. Give b(v).
5
Let l(i) = 7 - 10 + 0 + 0 + i. Determine l(9).
6
Let k(j) = -j**3 + 2*j**2 + 2*j - 3. Suppose 84*a - 85*a = -3. What is k(a)?
-6
Suppose 3*t - b = -t + 3, -10 = 5*t - 4*b. Let l(n) = -1 - 5*n + 0 + n**2 + 5*n**t + 0*n**3 - n**3. Let x be ((-10)/(-3))/((-4)/(-6)). Calculate l(x).
-1
Let q(s) = -6*s - 2. Suppose l + 3 = 2, -4*l = 2*u - 2. Suppose -y - 8 = u*y. Calculate q(y).
10
Let v(k) be the second derivative of k**4/2 + k**2/2 - 11*k. What is v(1)?
7
Suppose -o + 5*c = 0, -o = -3*o + 4*c + 6. Let u(h) = h - 1. What is u(o)?
4
Let f(u) = -u**3 + u**2 + 10*u + 3. Let l be f(4). Let y(k) be the second derivative of -k**4/12 - 4*k**3/3 - 3*k**2/2 - k. Determine y(l).
12
Suppose -4*b + 11 + 5 = 0, -14 = -5*k - b. Suppose s + 3 = k. Let c(p) = -p + 1 - 1. What is c(s)?
1
Let k(i) = -8*i**2 + 3*i - 1. Let x(r) = -3*r**2 + r. Let n(l) = 4*k(l) - 11*x(l). Let v = 5 + -15. Let g = v - -7. Determine n(g).
2
Let j(g) = -g**3 - 13*g**2 - g - 7. Let t be j(-13). Suppose o = t*o + 20. Let z(a) = 2*a + 4. Let l(h) = -2*h - 5. Let y(s) = 2*l(s) + 3*z(s). Give y(o).
-6
Let r(q) = q**3 + q**2 - 2*q + 3. Suppose -j + 2*j + 3 = 0. Calculate r(j).
-9
Let i(a) be the second derivative of -17*a**4/12 + a**3/6 - a**2/2 + 35*a. What is i(1)?
-17
Let l(o) = -o - 1. Let w(j) = 8*j + 4. Let p(v) = 14*l(v) + 2*w(v). Calculate p(6).
6
Let d be (5/(-15))/((-2)/(-12)). Let b(r) = 1 + r**2 + 0*r**2 + 5*r + 0. Let c(g) = 3*g**2 + 11*g + 2. Let w(h) = -5*b(h) + 2*c(h). Give w(d).
9
Let l(p) = 1 - 12*p**2 - 15*p**2 + 26*p**2 + 11*p**3. What is l(-1)?
-11
Suppose 10*z = 14*z. Let a(n) be the third derivative of n**6/120 + n**3/3 - 3*n**2. Calculate a(z).
2
Let g(r) = -5*r - 11. Let b(n) = 3*n + 6. Let p(j) = 7*b(j) + 4*g(j). Suppose -23 - 2 = 5*f. Determine p(f).
-7
Suppose 2*b - 5*b + 12 = 0. Suppose -b*w = w. Let m(y) = y + 10. Give m(w).
10
Let m(n) = n. Suppose 2*p - 4*p - 2*k = -56, 3*p - 54 = 3*k. Suppose 4*b = -3*h - p, -h = 3*h + b + 9. Give m(h).
-1
Let c = 13 + -18. Let z(q) be the first derivative of -q**4/4 - 2*q**3 - 3*q**2 - q + 11. Determine z(c).
4
Let b(t) be the first derivative of -t**2 - 2*t - 82. Suppose 3*u - 3 + 1 = -2*g, 0 = -3*u - 3*g. Calculate b(u).
-6
Let h(v) = v**3 - 5*v**2 + 6*v - 5. Let b be h(4). Suppose -2*o = -o + b. Let c(f) = -f**3 - 3*f**2 - 3*f - 4. Calculate c(o).
5
Let h(v) = -3*v - 1. Let c = 3 - 5. Calculate h(c).
5
Suppose 0 = 4*v - 0*v - 4. Let y(o) = 2*o + 1 + 0*o + v. Calculate y(-3).
-4
Let c(q) = -4*q - 1. Let f = 9 - 8. What is c(f)?
-5
Let b(x) = x**2 - 4*x - 3. Let p be b(3). Let c = 4 + p. Let s(a) = -3*a - 2. Let m(n) = -13*n - 8. Let u(j) = -2*m(j) + 9*s(j). What is u(c)?
0
Let j(r) = -13*r + 3. Let q(h) = 2*h. Let a(f) = 2*j(f) + 14*q(f). Let b(g) = -15*g + 1. Let z be b(-1). Let c = z + -22. Determine a(c).
-6
Let b(s) = 2*s - 6 + 2*s + 7 + 8. Give b(-6).
-15
Let n = 14 + -13. Let w(r) = -r + 0*r**2 + 2 - 4 + n - 5*r**2. What is w(-1)?
-5
Let s(g) = g**3 + 11*g**2 + 12*g + 21. Let k be s(-10). Let y(q) = -6*q + 2*q + 1 + q. Give y(k).
-2
Let f(h) = -h**2 - 5*h. Let q(w) = -w**3 + 8*w**2 + 8*w + 9. Let u be q(9). Suppose r + 2 = 4*p + 1, r - p + 4 = u. Give f(r).
0
Let q(d) be the first derivative of 0*d**3 - 1/8*d**4 - 2 - 1/2*d**2 - 1/120*d**6 + 1/12*d**5 + 0*d. Let k(x) be the second derivative of q(x). What is k(2)?
6
Let u be 147/14*4/6. Let j(l) = -l + 6. Calculate j(u).
-1
Let v(r) = -3*r + r**2 + 0*r - 4 + 2*r. Let x(w) = w**3 + 3*w**2 - w + 2. Let b be x(-4). Let i be ((-12)/b)/((-8)/20). What is v(i)?
8
Let u(m) = -3*m**2 + 52*m + 4*m**